e factors of 612616.
2, 73, 1049
List the prime factors of 40468.
2, 67, 151
What are the prime factors of 86492?
2, 7, 3089
What are the prime factors of 866124?
2, 3, 7, 491
List the prime factors of 3970608.
2, 3, 82721
What are the prime factors of 110606?
2, 29, 1907
List the prime factors of 2867991.
3, 7, 41, 3331
List the prime factors of 19886953.
29, 59, 197
What are the prime factors of 1160938?
2, 19, 137, 223
List the prime factors of 224587.
11, 17, 1201
What are the prime factors of 1176859?
17, 37, 1871
List the prime factors of 2640107.
19, 283, 491
What are the prime factors of 229609?
23, 67, 149
What are the prime factors of 328223?
7, 46889
List the prime factors of 175594.
2, 87797
List the prime factors of 1443934.
2, 47, 15361
What are the prime factors of 172787?
172787
What are the prime factors of 5774166?
2, 3, 109
List the prime factors of 18128407.
11, 61, 27017
List the prime factors of 294129.
3, 11, 2971
List the prime factors of 3633890.
2, 5, 13, 27953
List the prime factors of 1794254.
2, 7, 11, 61, 191
What are the prime factors of 1479686?
2, 13, 56911
List the prime factors of 12676462.
2, 41, 154591
What are the prime factors of 2478095?
5, 495619
List the prime factors of 69473.
69473
List the prime factors of 1734735.
3, 5, 109, 1061
What are the prime factors of 19563774?
2, 3, 3260629
List the prime factors of 4472308.
2, 31, 36067
List the prime factors of 892077.
3, 297359
What are the prime factors of 2212043?
61, 36263
What are the prime factors of 251812?
2, 11, 59, 97
List the prime factors of 562101.
3, 187367
What are the prime factors of 921084?
2, 3, 76757
What are the prime factors of 573234?
2, 3, 95539
List the prime factors of 21629426.
2, 7, 13, 118843
List the prime factors of 15239441.
7, 311009
What are the prime factors of 488508?
2, 3, 40709
What are the prime factors of 251540?
2, 5, 12577
What are the prime factors of 403993?
403993
List the prime factors of 16742.
2, 11, 761
What are the prime factors of 28165927?
109, 258403
What are the prime factors of 208672?
2, 6521
What are the prime factors of 453641?
453641
List the prime factors of 458788.
2, 11, 10427
What are the prime factors of 1007329?
41, 79, 311
What are the prime factors of 26046033?
3, 13, 277, 2411
What are the prime factors of 1234980?
2, 3, 5, 2287
What are the prime factors of 12212867?
12212867
List the prime factors of 16947029.
11, 1540639
What are the prime factors of 409061?
107, 3823
What are the prime factors of 1753371?
3, 194819
List the prime factors of 16733492.
2, 113, 37021
List the prime factors of 124797.
3, 17, 2447
What are the prime factors of 7924773?
3, 193, 13687
List the prime factors of 4326321.
3, 311, 4637
What are the prime factors of 7409723?
1193, 6211
What are the prime factors of 630804?
2, 3, 52567
What are the prime factors of 3243569?
7, 617, 751
What are the prime factors of 40928371?
11, 338251
What are the prime factors of 1760066?
2, 7, 11, 1039
What are the prime factors of 4605315?
3, 5, 11, 13, 19, 113
List the prime factors of 2836714.
2, 193, 7349
What are the prime factors of 1574653?
1574653
What are the prime factors of 5444471?
17, 18839
What are the prime factors of 279282?
2, 3, 89, 523
What are the prime factors of 545862?
2, 3, 90977
What are the prime factors of 460657?
460657
What are the prime factors of 149168?
2, 9323
List the prime factors of 356030.
2, 5, 35603
List the prime factors of 5752427.
37, 107, 1453
List the prime factors of 15740883.
3, 191, 9157
List the prime factors of 466392.
2, 3, 19433
List the prime factors of 2275781.
23, 98947
List the prime factors of 1355622.
2, 3, 101, 2237
What are the prime factors of 1396045?
5, 7, 39887
What are the prime factors of 916113?
3, 11, 17, 23, 71
What are the prime factors of 3686049?
3, 23, 17807
What are the prime factors of 24988146?
2, 3, 83, 50177
List the prime factors of 27417168.
2, 3, 47, 4051
List the prime factors of 11264894.
2, 23, 244889
List the prime factors of 81987.
3, 27329
List the prime factors of 1249868.
2, 193, 1619
List the prime factors of 22518669.
3, 509, 14747
What are the prime factors of 2089797?
3, 37, 67, 281
List the prime factors of 70942.
2, 79, 449
List the prime factors of 1759619.
17, 89, 1163
List the prime factors of 2104107.
3, 17, 41257
What are the prime factors of 16008830?
2, 5, 19, 109, 773
What are the prime factors of 127341?
3, 14149
What are the prime factors of 440904?
2, 3, 18371
List the prime factors of 889155.
3, 5, 19759
What are the prime factors of 3356621?
829, 4049
What are the prime factors of 232179?
3, 193, 401
What are the prime factors of 3613106?
2, 7, 409, 631
What are the prime factors of 2272298?
2, 7, 101, 1607
What are the prime factors of 8970994?
2, 4485497
List the prime factors of 92209.
13, 41, 173
What are the prime factors of 440666?
2, 220333
What are the prime factors of 534251?
107, 4993
What are the prime factors of 2104281?
3, 229, 1021
List the prime factors of 1307419.
17, 76907
List the prime factors of 362987.
362987
What are the prime factors of 12409313?
7, 1772759
What are the prime factors of 1402612?
2, 109, 3217
What are the prime factors of 974534?
2, 11, 4027
What are the prime factors of 8761682?
2, 4380841
List the prime factors of 2846145.
3, 5, 189743
List the prime factors of 1206833.
23, 137, 383
List the prime factors of 2796101.
7, 11, 36313
List the prime factors of 6305005.
5, 7, 151, 1193
List the prime factors of 520212.
2, 3, 7, 11, 563
What are the prime factors of 1140661?
41, 43, 647
List the prime factors of 25042776.
2, 3, 11, 29, 3271
What are the prime factors of 567706?
2, 373, 761
What are the prime factors of 1640980?
2, 5, 11, 7459
What are the prime factors of 5399161?
5399161
List the prime factors of 156723.
3, 7, 17, 439
What are the prime factors of 11621136?
2, 3, 239, 1013
What are the prime factors of 3698?
2, 43
What are the prime factors of 533263?
533263
List the prime factors of 1424881.
1424881
List the prime factors of 4955957.
41, 120877
List the prime factors of 139612.
2, 11, 19, 167
What are the prime factors of 21871100?
2, 5, 218711
List the prime factors of 354786.
2, 3, 29, 2039
What are the prime factors of 1179635?
5, 235927
What are the prime factors of 23158067?
89, 367, 709
List the prime factors of 15755725.
5, 630229
List the prime factors of 15153.
3, 5051
List the prime factors of 25028824.
2, 541, 5783
List the prime factors of 1939907.
101, 19207
What are the prime factors of 36656960?
2, 5, 114553
What are the prime factors of 591378?
2, 3, 98563
List the prime factors of 145146.
2, 3, 17, 1423
List the prime factors of 4618991.
13, 355307
List the prime factors of 1742792.
2, 217849
List the prime factors of 567596.
2, 17, 491
What are the prime factors of 316248?
2, 3, 13177
List the prime factors of 18691382.
2, 9345691
What are the prime factors of 30295146?
2, 3, 7, 41, 73, 241
What are the prime factors of 7618118?
2, 199, 19141
List the prime factors of 2218226.
2, 1109113
List the prime factors of 1363742.
2, 41, 16631
List the prime factors of 2436162.
2, 3, 406027
What are the prime factors of 11198052?
2, 3, 53, 5869
List the prime factors of 722148.
2, 3, 7, 8597
List the prime factors of 149086.
2, 7, 23, 463
What are the prime factors of 420999?
3, 140333
What are the prime factors of 429669?
3, 47741
What are the prime factors of 1267497?
3, 7, 11, 31, 59
List the prime factors of 1162408.
2, 13, 11177
What are the prime factors of 11885432?
2, 13, 59, 149
What are the prime factors of 1167783?
3, 97, 4013
List the prime factors of 60104.
2, 11, 683
What are the prime factors of 19976?
2, 11, 227
List the prime factors of 106690.
2, 5, 47, 227
List the prime factors of 1591827.
3, 530609
What are the prime factors of 32180743?
7, 991, 4639
What are the prime factors of 4076429?
7, 229, 2543
What are the prime factors of 22850325?
3, 5, 41, 2477
What are the prime factors of 5578616?
2, 697327
List the prime factors of 1718668.
2, 7, 61381
List the prime factors of 289051.
7, 17, 347
List the prime factors of 815782.
2, 11, 3371
What are the prime factors of 10049959?
10049959
What are the prime factors of 3371059?
3371059
Wh